vative of -w**4/4 - 5*w**3/3 - 2*w**2 - 2*w - 5. Give f(o).
-8
Let x(s) be the third derivative of s**4/24 - s**3/2 + 2*s**2 + 57. What is x(10)?
7
Let i(s) be the first derivative of -13*s**3/3 + s**2/2 - 166. Give i(-1).
-14
Let g(z) = 7*z**2 - 30*z + 28*z - 6*z**2. Determine g(-2).
8
Let d(o) = -75*o - 138. Let k(a) = 11*a + 20. Let f(v) = 4*d(v) + 27*k(v). What is f(5)?
-27
Let h(j) be the second derivative of j**5/20 + j**3/6 + 8*j. Suppose n = 3*n + 4. Let r be n/(0 + 1)*-1. Calculate h(r).
10
Let y(v) = -2*v**3 - 56*v**2 - 53*v + 24. Let u be y(-27). Let t(g) = 2*g**2 + g - 3. Determine t(u).
12
Let f be (-1 + (0 - -31))/2. Let o = f - 17. Let z(q) = q**2 + 3*q + 1. Determine z(o).
-1
Suppose 1163*d - 1161*d = 8. Let x(u) = 2*u**3 - 8*u**2 - 2*u + 4. Give x(d).
-4
Suppose -6*w + 99 = 15. Suppose 5*q - 1 = w. Let j(u) = -3*u - 1 - 6*u + u - q*u. What is j(1)?
-12
Let w(d) = 4 + 2 + 2*d - 4. Let c(b) = -b + 4 - 3 + 4*b - 2*b. Let t(f) = -4*c(f) + 3*w(f). Give t(-6).
-10
Let a(p) be the first derivative of 0*p - 2 - 1/3*p**3 - 3/2*p**2. Calculate a(-2).
2
Let i(v) = 3*v**2 + v + 5. Let x(t) = -t. Let w be x(-7). Suppose -2*n + w*n = 15. Let q(b) = 6*b**2 + 3*b + 9. Let k(f) = n*q(f) - 5*i(f). What is k(-2)?
6
Let s(r) = -2*r**2 + r. Suppose 2*w = h + 4*h + 25, w + 4*h = -7. Let l(k) = 6*k + 145. Let d be l(-24). Let z be ((1 - w) + 3)*d. Calculate s(z).
-3
Let r = -254 - -253. Let v(y) = 7*y + 1. Calculate v(r).
-6
Let y = -18 + 75. Suppose y = -7*h + 8. Let p(m) = -m**3 - 6*m**2 + 6*m - 4. What is p(h)?
3
Let h(s) = s**3 + 13*s**2 + 6. Let f be 122/(-8) - -2 - (-11)/44. Let d be h(f). Let w(l) = -l + 2. Give w(d).
-4
Let p(l) be the third derivative of -l**4/6 + 5*l**3/6 + 90*l**2. Suppose 0 = 2*o, 5*d - 3*o = -5*o + 20. Give p(d).
-11
Let l(x) = -8*x**2 + 9*x**2 - 1 + x - 3 - 11 + 6 - x**3. Suppose -5*r + 11 = 2*u - 9, -r + 4 = -5*u. Determine l(u).
-9
Let h be ((-3)/4)/(3/12). Let a(r) = -62 - 69 - 58 + 182 - r. What is a(h)?
-4
Let q be (-18)/12*128/(-12). Let r(v) = 118 - q*v - 118. Determine r(1).
-16
Let l(p) = -4*p**2. Suppose -2*g - 4*n = -20, 2*g - 2*n - 6 = 2. Suppose -16*b + g = -19*b. Give l(b).
-16
Let f(q) = -q - 6 - 2 + 3. Suppose 0 = -5*a + 2*c + 177, 0 = -c - 0*c + 4. Suppose a*o = 33*o. Calculate f(o).
-5
Suppose -4*u - 3145 = -3169. Let z(t) = -t**3 + 8*t**2 - 8*t + 3. Determine z(u).
27
Suppose -10 = 5*f - 30. Let p(x) = -5*x**2 - 7*x - 11. Let o(n) = 3 + 9*n + 11*n + n**2 - 18*n. Let v(u) = -9*o(u) - 2*p(u). Calculate v(f).
-5
Let t(n) = -3*n - 7. Suppose 4*j - 24 = -4*j. Let g(l) = l**3 - 5*l**2 + 3*l + 2. Let z be g(j). Give t(z).
14
Let s(u) = -19*u + 47*u - u**3 + 4*u**2 - 5 - 23*u. Give s(5).
-5
Let b(p) be the first derivative of -p**3/3 + 5*p**2/2 + 2*p + 29. Give b(3).
8
Let c = 1035 + -1032. Let u(d) = d**2 - d. What is u(c)?
6
Suppose 14*u = 12*u + 6. Let i(a) = -6 + 0 + 83*a**2 + 0*a**u + a**3 - 78*a**2 - 5*a. Determine i(-6).
-12
Let h(k) be the third derivative of 1/3*k**3 - 8*k**2 + 0*k + 1/8*k**4 + 0. What is h(3)?
11
Let q be 1/((-4)/(-29 + -3)). Let z = q + -9. Let w(d) = 8*d**2 - 1. What is w(z)?
7
Suppose -5*b = -3*b - 12. Let o(a) = -293*a + 590*a + 1 + a**2 - 301*a. What is o(b)?
13
Let p = 76 - 76. Let c(t) = -t**3 + t**2 - 7. Determine c(p).
-7
Let p(l) = 5*l - 2. Let z(o) = -6*o + 3. Let r = -11 - -8. Let q be z(r). Let x = q + -18. What is p(x)?
13
Let a(w) be the third derivative of -w**4/24 + 9*w**2. Let z(k) = 6*k - 2. Let i(v) = 5*a(v) + z(v). Let n be i(-5). Let m(f) = -f**2 - 6*f + 6. Give m(n).
-1
Let f(r) = 2 + 9 + r - 2*r. Suppose 0 = 5*i + 3*i - 24. Suppose 4*s - i*j - 33 = 0, s + 2*j = 5*j + 6. Calculate f(s).
2
Let d = -5 + 9. Suppose k + 6 = d*k. Let n(f) = 3*f + 5*f**3 - f**3 + 5 + 5*f**2 - k - 3*f**3. What is n(-5)?
-12
Let b(w) = -8*w - 91. Let s(z) = -4*z - 47. Let c(r) = -4*b(r) + 7*s(r). What is c(-11)?
-9
Let k(q) = q**2 - 4*q - 7. Let s be 14/63 + (-284)/(-18). Suppose r - s = -3*r. Suppose -3*z + 20 = f, 11 = 3*z - r*f + 1. What is k(z)?
5
Suppose -4*h + a + 25 = 0, 0*h + 4*h + 5*a - 19 = 0. Suppose -q = -19 + h. Let n = -16 + q. Let w(g) = g + 3. Determine w(n).
0
Let r(p) = -2*p. Suppose -8*c + 4 = -7*c. Let q be (c/(-14))/(2/(-14)). Determine r(q).
-4
Let b(p) = -p + 11. Suppose -25*r - 146 = -98*r. What is b(r)?
9
Let u(r) = r - 2. Let c(d) = d - 2. Let b(n) = -4*c(n) + 3*u(n). Let j be -15 + 14 - (6 - (-2)/(-2)). What is b(j)?
8
Let n(s) = -3*s**3 + 10*s**2 - 2*s + 4. Let c(p) = 5*p**3 - 10*p**2 + 3*p - 3. Let h(l) = 2*c(l) + 3*n(l). Calculate h(-10).
6
Suppose 3*m = 5*f + 13, 0*m + 7 = m + f. Let d(j) = j - 15. Calculate d(m).
-9
Let n be (-1526)/327*6/4. Let p(v) = 3*v**2 - 2*v**2 + v + 3*v + v - 7. Calculate p(n).
7
Suppose -3*w - n = -17, 4*w - 18 = 2*w - 2*n. Suppose -3*z + z + 1 = 3*q, 5*q = -w*z + 3. Let d(l) = l**3 - 3*l**2 + 2*l - 1. Determine d(z).
-1
Let s(c) = c**2 + 7*c + 3. Suppose a - 1 = 4. Let y be (3/2*-10)/((-6)/18). Suppose 3*v - 21 = 2*u + 6, 0 = -a*u + 3*v - y. Calculate s(u).
-3
Let o = 135 + -131. Suppose -3*w + 4*l = -21, -o*w - l = 3*l. Let q(j) = j**3 - 2*j**2 - 5*j + 3. Determine q(w).
-3
Let b(n) = 3*n**2 - 14*n**3 - 2*n - 17*n**3 + 1 + 30*n**3. Give b(0).
1
Suppose -3*p = -7*p + 40. Suppose -15 + p = o. Let s(h) = h**2 + 6*h - 3. Give s(o).
-8
Let g(r) = r**3 + 5*r**2 - 8*r - 8. Let d = -866 + 860. Determine g(d).
4
Suppose 5*i - 6 = 4. Let n(p) = 13*p**3 + 10*p**2 + 6. Let r(j) = 2*j**3 + j**2 + 1. Let h(c) = -n(c) + 7*r(c). What is h(i)?
-3
Let r = -12 + 19. Suppose y - 3*c - r = -2*c, -c + 47 = 5*y. Let a(f) = y*f**3 + 6*f**2 - 2 - 8*f**3 - f**2 - 6*f. What is a(-6)?
-2
Let w(h) = -23*h**2 + 5*h**2 - 6*h + 8*h**2 - 8 + 11*h**2. Determine w(6).
-8
Let j be 18/4*(-4 - -6). Let o(g) = -5*g**3 + j*g + 3 + 4*g**3 - 7*g. Let h = 5 - 7. Determine o(h).
7
Suppose 159 = 5*k - 36. Suppose 45 = d + 2*d. Let t(s) = -2*s + 8 + d + 13 - k. What is t(3)?
-9
Suppose -12*g = -11*g + 36. Let q be -2 + (g/4)/3. Let l(u) = -u**3 - 3*u + 5*u - 4*u**2 + 3*u - 7. Give l(q).
-7
Suppose -6*b + 0 + 12 = 0. Suppose 4*i = 8, b*a = -a + 5*i - 1. Let v(u) = -5*u**2 + 3*u**3 - 2*u + 9*u**2 - 4*u**a - 8 + 7. Give v(2).
3
Let h be (3 + (-1 - 1))*-3. Let i(f) = f**2 - 10*f - 1. Let n be i(15). Let y(p) = 40 + 40 - n + p. Calculate y(h).
3
Suppose -3*j = -5*h + 9, -2*h + 12 = -3*j + 6*j. Let s(k) = 5 + 4*k**2 + 3*k**3 - 4*k + 0 - j*k**3 + 9*k. Let v be (3/(-2))/(33/88). Give s(v).
-15
Let q(s) be the first derivative of -162*s**2 - 2 + 163*s**2 + 25 - 6*s. What is q(8)?
10
Let a(b) = 8*b**3 + b. Let x = -44 - -51. Let i(w) be the second derivative of -w**3/6 + 4*w**2 - w. Let m be i(x). What is a(m)?
9
Let y(l) = 3*l**2 + 4*l + 2. Let k be ((-12)/(-24))/((-2)/(-4)). Suppose 11 = -5*n + k. Determine y(n).
6
Let w(c) be the first derivative of 0*c - 1/30*c**5 + 9/2*c**2 + 4 + 0*c**3 + 1/8*c**4. Let h(d) be the second derivative of w(d). Calculate h(3).
-9
Let y(k) = 1 + k**3 - 194*k + 0 + 4*k**2 + 191*k. Suppose -3*l = 2*f - 12 + 37, 3*f + 30 = -3*l. Determine y(f).
-9
Let c(h) = h - 10. Suppose -48 = -3*t - 0*g + 3*g, -t + 7 = 2*g. Suppose t*s - 38 = 14. Determine c(s).
-6
Let m(c) = -7*c**2 + 20*c + 26. Let b(k) = 3*k**2 - 10*k - 12. Let p(q) = 9*b(q) + 4*m(q). Determine p(-9).
5
Let o = 7 - 5. Let d(a) = -a**3 - a**2 + 7*a - 4*a + 2*a**3 - 32 + a**3 + 29. Give d(o).
15
Let t(j) = -j**3 - 5*j**2 + 8*j + 4. Suppose 0 = 2*y - 5*u - 22, 0*u - 5*u + 2 = 2*y. Suppose a + y = -3*c, 4*c - 20 + 2 = 3*a. Give t(a).
-8
Let b be 5 + -9 - -6 - 6. Let u = 1 - -2. Let k(t) = 0*t + t + 0*t + u. Calculate k(b).
-1
Suppose -9*s = -13*s + 4. Let d(y) = -8*y**2 - y. What is d(s)?
-9
Suppose 5*k - 6 - 14 = 0. Let g(z) be the third derivative of z**7/2520 - z**6/120 + z**5/60 - 2*z**2. Let n(d) be the third derivative of g(d). Calculate n(k).
2
Let j(m) = m**3 - 13*m**2 + 15*m - 18. Let d = 6 - -6. Give j(d).
18
Let l(b) be the second derivative of -b**5/20 - b**3/6 - 14*b**2 - 43*b. Calculate l(0).
-28
Let w(y) be the first derivative of 5*y**4/12 + 10*y - 8. Let l(q) be the first derivative of w(q). Give l(-1).
5
Let m(p) be the second derivative of 0 - 3/20*p**5 - p**2 + 1/6*p**4 + 0*p**3 - 36*p. What is m(2)?
-18
Let j(a) = -17*a**2 - 1. Suppose 227 = y + 225. Give j(y).
-69
Suppo